
False
Is 18921003 a multiple of 514?
False
Does 106 divide 325351406?
False
Is 390959814 a multiple of 21?
True
Does 2 divide 30882008?
True
Is 108403576 a multiple of 3886?
False
Does 26 divide 3735808?
False
Is 47130266 a multiple of 370?
False
Is 28 a factor of 7371924?
True
Is 138 a factor of 1925514?
True
Does 13 divide 13133319?
False
Does 76 divide 69785453?
False
Does 4 divide 192117117?
False
Is 223869450 a multiple of 1050?
True
Is 22 a factor of 24560630?
False
Does 132 divide 12591895?
False
Is 360906245 a multiple of 2065?
True
Does 38 divide 22358706?
True
Does 94 divide 163005612?
False
Is 785 a factor of 1087484835?
True
Does 4 divide 214406854?
False
Does 1968 divide 31106208?
True
Is 14851060 a multiple of 188?
True
Is 2060260 a multiple of 124?
True
Is 77 a factor of 21752269?
True
Is 93015366 a multiple of 11?
False
Is 112014762 a multiple of 74?
True
Is 1452 a factor of 731145888?
True
Is 284425383 a multiple of 163?
True
Is 2341 a factor of 3072809119?
False
Does 10 divide 41752180?
True
Is 10 a factor of 8130070?
True
Is 222 a factor of 277200744?
True
Is 32 a factor of 68964864?
True
Is 98334103 a multiple of 119?
True
Is 29 a factor of 115117066?
True
Is 7507 a factor of 4070623222?
False
Is 12 a factor of 491151756?
True
Does 832 divide 23578048?
True
Is 191210985 a multiple of 765?
True
Does 23 divide 59373005?
True
Is 143214152 a multiple of 30?
False
Does 2051 divide 63054198?
False
Does 98 divide 66982380?
False
Is 181645707 a multiple of 267?
True
Is 647987280 a multiple of 154?
False
Is 58 a factor of 182181447?
False
Is 40193744 a multiple of 3?
False
Does 798 divide 27582072?
True
Is 342839779 a multiple of 666?
False
Does 140 divide 10298217?
False
Is 1041 a factor of 990300548?
False
Is 346611252 a multiple of 26?
True
Is 260 a factor of 4582853?
False
Is 1314 a factor of 11967912?
True
Does 21 divide 378269?
False
Is 67600585 a multiple of 227?
False
Does 2234 divide 4071170112?
True
Is 61370544 a multiple of 204?
True
Is 340 a factor of 30320520?
True
Is 2445703888 a multiple of 254?
False
Is 502 a factor of 38569292?
False
Is 37 a factor of 362544796?
True
Is 3 a factor of 1235509?
False
Is 95 a factor of 1038754634?
False
Is 12816102 a multiple of 4?
False
Does 61 divide 26198462?
False
Is 1620 a factor of 241955100?
True
Is 121200637 a multiple of 43?
False
Does 217 divide 50923390?
True
Does 18 divide 4987649768?
False
Is 5499908 a multiple of 3?
False
Does 761 divide 402443435?
True
Is 15 a factor of 39376335?
True
Is 925 a factor of 79962141?
False
Is 22306153 a multiple of 101?
True
Is 218604552 a multiple of 5316?
True
Does 288 divide 58525632?
True
Is 2144401 a multiple of 5?
False
Does 45 divide 16424955?
True
Is 152269975 a multiple of 25?
True
Is 6843872 a multiple of 407?
False
Is 2504160750 a multiple of 1750?
True
Does 69 divide 79019961?
False
Is 17 a factor of 31190971?
True
Is 27 a factor of 484131384?
True
Is 177 a factor of 9510468?
False
Is 10 a factor of 38483750?
True
Is 1755218765 a multiple of 1943?
True
Is 7677 a factor of 3404388681?
True
Is 256175642 a multiple of 3589?
True
Does 21 divide 193665465?
True
Is 1363745967 a multiple of 51?
True
Is 3244 a factor of 902342366?
False
Does 3610 divide 32007300?
False
Is 160321359 a multiple of 803?
True
Is 46 a factor of 38783014?
True
Is 8 a factor of 112611536?
True
Is 181 a factor of 6248663?
True
Is 13 a factor of 127449?
False
Is 37 a factor of 6661776?
True
Does 101 divide 42725762?
False
Does 54 divide 620677404?
True
Is 166799648 a multiple of 436?
True
Is 202 a factor of 408105852?
True
Is 450 a factor of 1181620375?
False
Is 437551904 a multiple of 30?
False
Is 366 a factor of 28705031?
False
Is 7595704 a multiple of 531?
False
Is 447849684 a multiple of 36?
True
Is 22555721 a multiple of 2197?
False
Is 46 a factor of 7034630408?
True
Is 2364 a factor of 1778744547?
False
Is 1637886195 a multiple of 55?
True
Is 1756 a factor of 55083964?
True
Is 254637980 a multiple of 3364?
True
Is 303718863 a multiple of 21?
True
Does 27 divide 3833298?
True
Is 674470 a multiple of 38?
False
Is 7825083 a multiple of 7?
True
Is 226 a factor of 95643200?
True
Is 167991376 a multiple of 1337?
True
Is 31 a factor of 76009644?
True
Does 109 divide 503614868?
False
Does 16 divide 797135003?
False
Is 109802319 a multiple of 1312?
False
Is 9 a factor of 1204431708?
False
Is 19520935 a multiple of 854?
False
Is 31 a factor of 7789044?
False
Is 3727888 a multiple of 8?
True
Is 14271075 a multiple of 153?
True
Does 13 divide 5173247196?
True
Is 403335331 a multiple of 721?
True
Is 74969469 a multiple of 466?
False
Does 35 divide 46097905?
True
Is 14952558 a multiple of 107?
False
Does 1796 divide 5334939?
False
Is 18277775 a multiple of 381?
False
Does 17 divide 11849547?
False
Is 4725144 a multiple of 12?
True
Is 731067 a multiple of 5?
False
Is 1929366080 a multiple of 1180?
True
Is 182438930 a multiple of 1645?
False
Does 6785 divide 732603590?
True
Does 11 divide 18056512?
False
Is 155 a factor of 53435165?
True
Does 97 divide 86960875?
False
Is 155960298 a multiple of 334?
True
Does 198 divide 109247097?
False
Is 120043300 a multiple of 863?
True
Is 539857952 a multiple of 452?
True
Is 214 a factor of 2295831511?
False
Is 216065071 a multiple of 3?
False
Is 3227546069 a multiple of 40?
False
Does 2126 divide 1162188530?
True
Does 370 divide 1187178192?
False
Does 9370 divide 1307396100?
True
Is 27 a factor of 49408522?
False
Is 2703 a factor of 34806531?
True
Does 206 divide 2165376416?
True
Does 4033 divide 76514076?
True
Does 2347 divide 1380528023?
False
Does 1467 divide 157137705?
True
Does 51 divide 32823453?
False
Is 1209388072 a multiple of 86?
True
Is 1394 a factor of 63355906?
True
Is 7 a factor of 393393819?
True
Is 2 a factor of 37824039?
False
Is 53 a factor of 809627299?
False
Is 2272 a factor of 28738528?
True
Is 29 a factor of 276409440?
True
Is 38 a factor of 17833110?
False
Is 977365715 a multiple of 26?
False
Is 260 a factor of 6577090?
False
Does 2 divide 356762?
True
Is 1054798600 a multiple of 430?
True
Does 159 divide 43347852?
True
Does 960 divide 288766758?
False
Is 169 a factor of 4643782?
True
Is 671016750 a multiple of 75?
True
Is 160 a factor of 149657440?
True
Does 7835 divide 2591929754?
False
Is 3499867035 a multiple of 729?
True
Is 330189660 a multiple of 10?
True
Is 3 a factor of 59967148?
False
Is 413 a factor of 1890911600?
False
Is 157820175 a multiple of 3015?
True
Is 68 a factor of 764711829?
False
Does 208 divide 177524621?
False
Does 655 divide 397538103?
False
Is 73 a factor of 2774977?
False
Is 182863 a multiple of 1040?
False
Does 593 divide 189778917?
False
Does 84 divide 197896226?
False
Is 496741911 a multiple of 29?
False
Does 433 divide 86196036?
False
Is 107 a factor of 5158091?
False
Is 300247584 a multiple of 2090?
False
Does 154 divide 838032734?
True
Is 6877818 a multiple of 9?
True
Is 5 a factor of 739905542?
False
Is 9 a factor of 1086248370?
False
Does 641 divide 3631088725?
True
Does 965 divide 53867115?
False
Is 14 a factor of 91725453?
False
Does 2 divide 12419859?
False
Is 507574472 a multiple of 205?
False
Does 244 divide 261227132?
True
Is 3284 a factor of 28775984?
False
Is 1320015998 a multiple of 449?
True
Is 105 a factor of 28305733?
False
Is 28 a factor of 1545839?
False
Is 12685627 a multiple of 3?
False
Is 17608067 a multiple of 581?
False
Is 2038527 a multiple of 2471?
False
Is 14265 a factor of 451030770?
True
Is 3073171 a multiple of 34?
False
Is 71 a factor of 235238833?
True
Is 4585824 a multiple of 2123?
False
Is 1091 a factor of 701100602?
True
Does 1244 divide 24498092?
True
Does 116 divide 270862668?
True
Is 1157974330 a multiple of 223?
True
Is 33 a factor of 159022281?
True
Does 1626 divide 36687438?
True
Is 68 a factor of 540371180?
True
Does 9 divide 3270108?
False
Is 1270151777 a multiple of 293?
True
Is 94934610 a multiple of 1378?
False
Is 601 a factor of 15599663?
False
Does 20 divide 113989151?
False
Is 41 a factor of 19393533?
True
Does 89 divide 1949576638?
False
Is 10 a factor of 490737550?
True
Does 82 divide 18314065?
False
Is 616531871 a multiple of 125?
False
Is 124 a factor of 82275467?
False
Is 256 a factor of 184576?
True
Is 170 a factor of 2260